{"id":1398,"date":"2024-01-19T17:40:55","date_gmt":"2024-01-19T16:40:55","guid":{"rendered":"https:\/\/esnamargentina.com\/?post_type=product&#038;p=1398"},"modified":"2025-05-14T22:21:02","modified_gmt":"2025-05-14T20:21:02","slug":"multiplexado-redes-1","status":"publish","type":"product","link":"https:\/\/esnamargentina.com\/index.php\/producto\/multiplexado-redes-1\/","title":{"rendered":"MULTIPLEXADO REDES CAN-BUS 1"},"content":{"rendered":"<p>Comunicaci\u00f3n de Inter sistemas de las Unidades de control en formato de curso. Descripci\u00f3n del funcionamiento Te\u00f3rico y Pr\u00e1ctico.<\/p>\n","protected":false},"excerpt":{"rendered":"<p>Comunicaci\u00f3n de Inter sistemas de las Unidades de control en formato de curso. Descripci\u00f3n del funcionamiento Te\u00f3rico y Pr\u00e1ctico.<\/p>\n","protected":false},"featured_media":3648,"comment_status":"open","ping_status":"closed","template":"","meta":[],"product_cat":[27],"product_tag":[],"_links":{"self":[{"href":"https:\/\/esnamargentina.com\/index.php\/wp-json\/wp\/v2\/product\/1398"}],"collection":[{"href":"https:\/\/esnamargentina.com\/index.php\/wp-json\/wp\/v2\/product"}],"about":[{"href":"https:\/\/esnamargentina.com\/index.php\/wp-json\/wp\/v2\/types\/product"}],"replies":[{"embeddable":true,"href":"https:\/\/esnamargentina.com\/index.php\/wp-json\/wp\/v2\/comments?post=1398"}],"wp:featuredmedia":[{"embeddable":true,"href":"https:\/\/esnamargentina.com\/index.php\/wp-json\/wp\/v2\/media\/3648"}],"wp:attachment":[{"href":"https:\/\/esnamargentina.com\/index.php\/wp-json\/wp\/v2\/media?parent=1398"}],"wp:term":[{"taxonomy":"product_cat","embeddable":true,"href":"https:\/\/esnamargentina.com\/index.php\/wp-json\/wp\/v2\/product_cat?post=1398"},{"taxonomy":"product_tag","embeddable":true,"href":"https:\/\/esnamargentina.com\/index.php\/wp-json\/wp\/v2\/product_tag?post=1398"}],"curies":[{"name":"wp","href":"https:\/\/api.w.org\/{rel}","templated":true}]}}